f + 186388. Is f composite?
True
Suppose -5*x = 6*x - 33. Suppose 571 = x*j + d - 5*d, -j + 177 = 2*d. Is j a prime number?
False
Let y = -108142 + 194535. Is y a prime number?
False
Is (-3 + 0 - (-50)/15)/(3/218007) prime?
True
Suppose 3*z = -4*a + 5 + 23, -5*z - 5*a = -40. Let o be 1639*(100/5)/z. Suppose -2*t + o = 9*t. Is t a prime number?
False
Let s be (-3 + 194466/(-6))*-4 - 0. Suppose -7*x = -15*x + s. Is x a composite number?
True
Suppose -16902 = -5*b - 4*t, 5*t - 3*t = 3*b - 10128. Let f = 5267 - b. Is f composite?
False
Let j(g) = 14*g**2 - 4*g - 4. Let m be j(-1). Suppose m*p - q + 28912 = 18*p, p - 7233 = q. Is p composite?
False
Let z(i) = 38*i + 90. Suppose 5*l + 43 = 2*r, -5*l - 13 = 2. Is z(r) a prime number?
False
Suppose -13*m + 332 = -253. Is 30996/m + 3/15 prime?
False
Let l be (-151943)/95 + 3/(-5). Let h = 2885 + l. Is h prime?
False
Suppose -83*g + 2573071 = -58*g - 3529104. Is g a composite number?
False
Suppose 5*i + 2*t - 13220 = 4584, -3*i = -5*t - 10670. Let k = 8826 - i. Is k a prime number?
False
Let r(k) = -98310*k + 1361. Is r(-3) a prime number?
False
Let g = -149268 - -345173. Suppose 60293 = -12*d + g. Is d composite?
True
Let g be (95/15 + 7)*(-21)/(-4). Suppose -m + g = 63. Is -142*2/(-4)*m composite?
True
Let a = 52 + -47. Suppose 6146 = a*m + o, -4*o = -m + o + 1224. Is m prime?
True
Suppose 3*p - d - 2 = 0, 0*d + 25 = -5*d. Let b(o) = o**2 + 2*o + 1. Let f be b(p). Suppose 3*t + 5*h - 161 = f, 0 = -2*t - h - h + 102. Is t prime?
True
Suppose -x = -4, 749321 = 7*o - 2*o + 4*x. Is o composite?
False
Let m(g) = 297*g + 6407. Is m(-12) a composite number?
False
Suppose -3*q - 129*q + 34483546 = -2640530. Is q composite?
False
Suppose 5*f = 5*m + 15, 3*m - 6 = -15. Is (-104932)/(-37) - (2 - (-1 + f)) prime?
True
Is (-3 - (-5)/25)/((-4)/(-10)) - -118046 composite?
True
Suppose 120*r + 171*r = 93354663 + 158437452. Is r prime?
False
Suppose 52*s - 2558303 - 706829 = -502840. Is s a composite number?
True
Let k(v) = 943*v**2 + 10*v + 88. Is k(9) prime?
True
Suppose 10*p - 18*p = -394088. Is p a prime number?
True
Let t be 78/(90/(-420)*1/2). Let r be (-4)/(-10) - 8553/(-5). Let n = r + t. Is n composite?
False
Let x = -189 - -750. Let n = x + 15146. Is n composite?
True
Let v be 3180/60 - (-3 - (0 - 0)). Let r = -53 + v. Suppose r*u + m - 2616 = 4*m, -4390 = -5*u - m. Is u a composite number?
False
Let u = -63886 + 111339. Is u prime?
False
Suppose -7 = 3*w - 5*w - 5*b, 2*w = -b + 11. Let a = 13 - -5. Is 2/w + 1236/a a composite number?
True
Let o(l) be the third derivative of 1/6*l**3 + 15*l**2 + 1/6*l**4 + 1/40*l**6 + 0 - 1/60*l**5 + 0*l. Is o(3) a composite number?
True
Suppose 40*p - 36*p - 4*g - 5935920 = 0, -3*g + 4451970 = 3*p. Is p a prime number?
False
Let o be (42/(-12))/(-7)*4. Suppose o*q + 228070 = 12*q. Is q a composite number?
False
Let t = -1560 + 3045. Let b = t - 899. Let f = 1763 - b. Is f a composite number?
True
Suppose -13*s + 18*s + 2*t - 59317 = 0, 0 = -4*s - 5*t + 47457. Is s a prime number?
True
Suppose -49*a - 7941214 = -339422726 + 62029581. Is a a prime number?
True
Is 1/(3/21)*(-44374)/(-154) prime?
True
Suppose -j - 5*l + 342843 = 0, 166756 - 1538036 = -4*j + 3*l. Is j a composite number?
True
Suppose 199645 = 13*u + 17*u - 29*u. Is u a composite number?
True
Let o = 76301 - 41794. Is o prime?
False
Let p(g) = 2*g**3 + 20*g**2 + 7*g - 25. Let q be p(-13). Let m = 3177 + q. Is m composite?
True
Let h be (-31)/(-6 + 5 - 0). Suppose l - 726 = -4*r + h, r = -4*l + 2998. Is l prime?
False
Suppose 16*d + 54*d = -193929 + 1247639. Is d composite?
False
Suppose -6*s = -2811 - 279. Suppose 0 = -2*d + s + 2159. Is d a composite number?
True
Let x(l) = l + 17. Let w be x(-17). Suppose w = -10*b - 13*b + 4209. Is b composite?
True
Let j = 60164 + -35836. Suppose 7*t - 3*t = -5*b + 30407, -4*b - 4*t + j = 0. Is b composite?
False
Let x(w) = 393*w**2 + 3*w + 4. Let m be x(-3). Let q = m - 713. Is q a composite number?
False
Let h = 1154426 + -307141. Is h a prime number?
False
Let b(p) = 7849*p**2 - 113*p + 131. Is b(8) composite?
False
Let b = -37 - -42. Suppose -3*j + 3*c = -6225, 0 = -5*j - b*c + 14873 - 4538. Let y = j - 989. Is y prime?
False
Let r = 49 + -33. Let k be -3 + 132/r - 1/4. Suppose -k*t + 3*t + 3513 = c, 17553 = 5*c - 2*t. Is c composite?
False
Let q(v) = -2*v**3 - v**2 + v + 38. Let z be q(0). Suppose z*y - 9440 = 90538. Is y a prime number?
False
Let k = 39897 + -4874. Is k composite?
False
Suppose -3*j - 68 = -j. Let u = j - -36. Suppose u*b = 1830 + 256. Is b a prime number?
False
Let y be ((-1148995)/(-20) - -3) + 2/8. Suppose 15*c - 237378 = -y. Is c a prime number?
False
Is 2/2*((-199722)/54)/((-14)/126) a prime number?
True
Suppose y + 4 = -3*w, -4*w = -3*w + 4*y + 16. Let n(i) = i**2 - i + 346. Let l be n(w). Suppose -5*x - 71 + l = 0. Is x a composite number?
True
Suppose 12*f = 10*f + 14. Is 3454 + f/(4 - 11) a prime number?
False
Let y = -182090 - -382729. Is y a prime number?
True
Let t(o) = -396*o - 41. Suppose 18 = 6*q + 90. Is t(q) composite?
True
Let c(x) = -x**2 + 9*x - 13. Let t be c(6). Suppose 3*u - 701 = t*i - 0*i, 3*i + 420 = 2*u. Let z = -59 - i. Is z a composite number?
False
Is (-5 - 14/(-8))*(-57140)/5 prime?
False
Is (-35194)/66*-237 + 6/11 a composite number?
True
Let c(g) = -g + 28. Let j be c(16). Let q be 9/j - ((-51)/12)/1. Suppose -h = -3*u - 2*u + 3999, -5*u - q*h = -3975. Is u composite?
True
Let t(f) = f**3 + 7*f**2 + f + 14. Let r be t(-7). Suppose -r*i + 3292 = 14037. Let s = 2394 + i. Is s a composite number?
False
Suppose -7*k + 68 = 222. Is (-3)/6*61*k a composite number?
True
Let z = 1381 - 1378. Let r be (-1 + -1)/((-3)/33). Let m = r - z. Is m prime?
True
Let s(i) = 2*i**3 + 162*i**2 + 72*i + 257. Is s(-78) a prime number?
False
Let q be (-93)/(-9) + 4 + 52/(-12). Let x(c) = 262*c - 41. Is x(q) composite?
False
Suppose 0 = -5*m - q + 2924, 0*q + 2332 = 4*m - q. Let v be m/40 - (6/(-15) - 0). Let k(u) = 10*u - 8. Is k(v) a composite number?
True
Suppose 2*o = 87255 + 47167. Is o prime?
True
Let c be (-40)/12 + 2/6. Let s = 3 + c. Suppose q - 3*x + 8*x = 714, s = 4*q - 4*x - 2976. Is q a composite number?
False
Let i = -71 + 381. Let a = i + -99. Is a prime?
True
Suppose y + 389 = 3851. Let l = -954 + y. Let k = l + -1169. Is k composite?
True
Let h be 3*4/(-24)*0. Suppose -3*f + 1270 = o - 1738, 2*f + 5*o - 2014 = h. Suppose 0*i = 5*i + 2*s - 1259, -s - f = -4*i. Is i a prime number?
True
Let u be (24/(-20) + 2)*75/6. Let z(l) = -l**3 + 9*l**2 + 8*l + 24. Let r be z(u). Suppose -4*k + 4*i = -1164, -5*i + 303 = -r*k + 5*k. Is k a prime number?
True
Suppose 0 = 7*v - 29 + 1. Suppose -f = -5*g + 4794 - 479, -3452 = -4*g + v*f. Is g a prime number?
True
Let n = 19 + -15. Suppose -m + 9260 = 2*x - 2204, 5723 = x - n*m. Is x a composite number?
True
Is 2544570/56 + 7/28 a prime number?
True
Let d(v) = -2*v**2 - 35*v + 117202. Is d(0) prime?
False
Let b(h) = -249*h - 68. Let s(o) = 2*o - 70. Let j be s(28). Is b(j) composite?
True
Let i = 64 - 54. Suppose -5*a - 24661 = 4*x - 0*x, 0 = -2*a - i. Is x*(5 - 10)/15 composite?
False
Suppose 0 = h + c - 3402, -5*h = 48*c - 47*c - 17030. Is h prime?
True
Suppose -14*j = 12*j - 7956. Let l = j + 1331. Is l a prime number?
True
Let r(z) be the third derivative of 7*z**5/5 - z**4/3 + z**3/6 - 112*z**2. Is r(9) composite?
False
Suppose 31*d - 276*d + 13659485 = 0. Is d prime?
False
Let g(y) = 928*y - 166. Let h(b) = 2*b + 3. Let p(d) = -g(d) - h(d). Is p(-23) a prime number?
False
Let p be 227/(((-6)/120)/(9/12)). Is 9/(135/(-20))*p/10 a composite number?
True
Let i(f) = -15*f + 240. Let z be i(16). Suppose -3*s + 0*s + 26373 = -4*k, 5*s - 3*k - 43966 = z. Is s a prime number?
False
Suppose 3*q - 44928 = -5*r, -119777 = -18*q + 10*q - 3*r. Is q a composite number?
True
Is (-22)/(-11)*(0 - 48466/8)*-2 prime?
False
Let p = 84130 + 156891. Is p a prime number?
False
Suppose -5*t - 3929481 = -212*t. Is t composite?
True
Let a be (85/(-68))/((-4)/16). Suppose 3*s + 3*y - 2820 = 0, -4*y - 800 = a*s - 5503. Is s composite?
True
Let j = -76 + 74. Let y be j*((-9)/6 - -1)*7. Suppose 4*i + 5*u = 648, 2*u = -3*i + y*u + 521. Is i prime?
True
Let s(o) = -6*o**3 + 2*o**2 + 2*o + 13. Let j be s(0). Let m(g) b